and 11033?
187
Calculate the greatest common divisor of 261 and 27.
9
What is the highest common factor of 340 and 85?
85
What is the greatest common factor of 45 and 15765?
15
Calculate the highest common divisor of 5 and 14.
1
Calculate the highest common divisor of 13384 and 14.
14
Calculate the highest common factor of 310 and 465.
155
What is the greatest common divisor of 16422 and 17?
17
What is the greatest common factor of 7918 and 214?
214
Calculate the greatest common factor of 18 and 171.
9
What is the greatest common factor of 21 and 405?
3
What is the highest common factor of 36 and 3708?
36
What is the highest common divisor of 133 and 551?
19
Calculate the greatest common factor of 486 and 6.
6
Calculate the greatest common factor of 1891 and 248.
31
Calculate the highest common divisor of 140 and 6040.
20
Calculate the highest common factor of 3050 and 200.
50
Calculate the greatest common factor of 81 and 567.
81
Calculate the highest common divisor of 120 and 10272.
24
Calculate the greatest common divisor of 273 and 117.
39
Calculate the greatest common divisor of 4 and 116.
4
Calculate the highest common factor of 420 and 7.
7
What is the greatest common divisor of 6 and 654?
6
What is the highest common factor of 1034 and 235?
47
Calculate the highest common divisor of 1 and 251.
1
Calculate the highest common divisor of 270 and 375.
15
What is the highest common factor of 63 and 12?
3
What is the highest common divisor of 72 and 198?
18
What is the highest common divisor of 800 and 150?
50
What is the greatest common factor of 50 and 700?
50
What is the highest common divisor of 3 and 25?
1
What is the highest common factor of 11 and 1?
1
What is the highest common factor of 713 and 299?
23
What is the greatest common factor of 104 and 156?
52
What is the highest common divisor of 1778 and 14?
14
What is the highest common factor of 50 and 19900?
50
Calculate the highest common factor of 304 and 27892.
76
What is the highest common factor of 2510 and 10?
10
What is the highest common divisor of 1892 and 374?
22
Calculate the greatest common factor of 1290 and 170.
10
Calculate the greatest common divisor of 310 and 50.
10
Calculate the greatest common divisor of 34 and 3842.
34
What is the greatest common divisor of 891 and 81?
81
What is the greatest common factor of 116 and 1015?
29
Calculate the greatest common divisor of 74 and 14689.
37
What is the highest common divisor of 154 and 4858?
14
Calculate the highest common divisor of 1562 and 176.
22
What is the highest common divisor of 1365 and 840?
105
Calculate the highest common factor of 1058 and 1104.
46
What is the highest common divisor of 15 and 345?
15
Calculate the greatest common factor of 65 and 520.
65
What is the greatest common divisor of 4644 and 172?
172
Calculate the highest common factor of 5340 and 60.
60
Calculate the highest common factor of 20 and 140.
20
What is the greatest common divisor of 10841 and 2930?
293
What is the highest common factor of 5265 and 1365?
195
Calculate the greatest common factor of 32 and 1520.
16
Calculate the greatest common divisor of 2884 and 56.
28
Calculate the greatest common factor of 10 and 940.
10
What is the highest common factor of 525 and 385?
35
What is the highest common factor of 6407 and 745?
149
Calculate the greatest common factor of 105 and 28.
7
Calculate the greatest common factor of 14 and 574.
14
What is the greatest common divisor of 8 and 8?
8
What is the greatest common factor of 44 and 22?
22
What is the greatest common factor of 1035 and 45?
45
Calculate the greatest common factor of 264 and 66.
66
Calculate the highest common divisor of 1862 and 2254.
98
What is the highest common divisor of 208 and 3016?
104
What is the highest common factor of 60 and 80?
20
Calculate the greatest common divisor of 39 and 318.
3
Calculate the highest common divisor of 630 and 18.
18
Calculate the highest common divisor of 153 and 2584.
17
Calculate the greatest common divisor of 99 and 261.
9
What is the highest common factor of 243 and 27?
27
Calculate the highest common factor of 200 and 20.
20
What is the highest common factor of 282 and 752?
94
Calculate the greatest common factor of 933 and 7153.
311
Calculate the greatest common factor of 26 and 1378.
26
What is the greatest common factor of 147 and 105?
21
What is the highest common divisor of 545 and 436?
109
What is the greatest common factor of 154 and 238?
14
What is the greatest common divisor of 115 and 3473?
23
What is the greatest common divisor of 88 and 472?
8
Calculate the highest common factor of 26 and 663.
13
Calculate the greatest common factor of 16185 and 195.
195
What is the greatest common factor of 1944 and 24?
24
Calculate the highest common factor of 1255 and 10.
5
What is the highest common divisor of 48 and 16?
16
Calculate the highest common factor of 87 and 1363.
29
What is the highest common factor of 90 and 198?
18
What is the highest common factor of 8019 and 44?
11
Calculate the greatest common divisor of 375 and 2775.
75
What is the greatest common factor of 4 and 12?
4
Calculate the greatest common divisor of 2 and 158.
2
Calculate the greatest common divisor of 127 and 1.
1
Calculate the highest common divisor of 496 and 10.
2
Calculate the greatest common factor of 26 and 949.
13
What is the highest common factor of 12 and 8868?
12
What is the greatest common factor of 26 and 39?
13
Calculate the greatest common divisor of 134 and 2.
2
What is the highest common factor of 3 and 2208?
3
What is the greatest common divisor of 24 and 712?
8
What is the greatest common factor of 29055 and 195?
195
Calculate the greatest common factor of 4 and 32.
4
Calculate the greatest common divisor of 26 and 65702.
26
What is the greatest common divisor of 830 and 10?
10
Calculate the highest common factor of 555 and 2035.
185
Calculate the highest common factor of 451 and 1189.
41
Calculate the highest common divisor of 18 and 846.
18
Calculate the highest common factor of 2405 and 65.
65
What is the highest common factor of 1397 and 127?
127
Calculate the highest common divisor of 82 and 37966.
82
What is the highest common divisor of 87 and 58?
29
What is the highest common divisor of 22879 and 137?
137
Calculate the highest common divisor of 80 and 2040.
40
What is the highest common divisor of 2981 and 11?
11
Calculate the greatest common divisor of 671 and 2024.
11
What is the greatest common factor of 175 and 1600?
25
What is the highest common factor of 36 and 15408?
36
Calculate the greatest common factor of 4000 and 320.
160
Calculate the greatest common factor of 109 and 436.
109
What is the highest common divisor of 91 and 1?
1
What is the highest common factor of 436 and 12?
4
Calculate the greatest common factor of 11 and 572.
11
Calculate the greatest common factor of 21 and 2121.
21
Calculate the highest common divisor of 343 and 35.
7
What is the greatest common divisor of 1121 and 19?
19
Calculate the highest common divisor of 625 and 500.
125
What is the highest common factor of 1188 and 18?
18
Calculate the highest common divisor of 20 and 76200.
20
What is the greatest common factor of 51 and 17?
17
What is the highest common divisor of 204 and 6018?
102
Calculate the greatest common factor of 4179 and 105.
21
Calculate the greatest common divisor of 430 and 602.
86
Calculate the highest common factor of 600 and 264.
24
Calculate the greatest common divisor of 59 and 3.
1
What is the greatest common divisor of 96 and 3072?
96
What is the highest common divisor of 560 and 238?
14
What is the highest common divisor of 7137 and 26?
13
Calculate the greatest common divisor of 135 and 351.
27
What is the greatest common factor of 210 and 1740?
30
Calculate the highest common factor of 35 and 56.
7
What is the highest common factor of 320 and 100?
20
Calculate the highest common factor of 9717 and 4029.
237
What is the greatest common divisor of 24 and 696?
24
Calculate the greatest common divisor of 6966 and 516.
258
What is the greatest common divisor of 192 and 984?
24
What is the highest common factor of 196 and 156?
4
Calculate the greatest common factor of 315 and 35.
35
What is the greatest common divisor 